?
0
Let n = 18986 - -12940. What is the units digit of n?
6
Let f = -74 + 71. What is the tens digit of 3591/15 - (f + 24/10)?
4
Let l(b) = 5*b + 4*b - 17*b - 24. Let i be l(-6). Suppose 3*n - 78 = i. What is the units digit of n?
4
Let r(k) = 145*k. Let q(i) = -i**2 - i + 15. Let f be q(3). What is the hundreds digit of r(f)?
4
Suppose -237 - 69 = 34*a. What is the hundreds digit of (a/(-6))/(7/4774)?
0
Suppose -4*f - 96 = 4*w, 2*f - 6*w = -w - 69. What is the units digit of (0 - (-1746)/f)*27/(-2)?
3
Suppose 0 = -34*n - 2 - 66. Let f(s) = -296*s - 90. What is the tens digit of f(n)?
0
What is the hundreds digit of (-16)/(518087/(-862295) + 6/10*1)?
4
Suppose 4*y = -4*b + 12436, 3*y - 12436 = -4*b - 0*y. Let n = b - 2012. What is the tens digit of n?
9
Suppose 4*p = -2*t + 1324, 0*t = 5*t + 4*p - 3286. Let j = t - 315. What is the tens digit of j?
3
Let r(b) = -b**3 + 10*b**2 + 21*b + 9. Let f = 41 + -31. Let p be r(f). Let c = p + -107. What is the tens digit of c?
1
Let s be 11 + (0 - (-2 + 3) - 1). Suppose -s = 3*u - 45. Suppose -f = u*f - 1716. What is the hundreds digit of f?
1
Let j = 10767 - -643. What is the units digit of j?
0
Let l be (2 + -6)/(7/35). Let r = -17 - l. What is the units digit of 37 - (r + -1 - 4)?
9
What is the thousands digit of (-49)/196 - 171844/(-32)*2?
0
Suppose 6*b + 606 = -1110. Let f = -173 - b. What is the hundreds digit of f?
1
Let x be (-2 - -1)/((-12)/6204). Let f = -285 + x. What is the tens digit of f?
3
Suppose 3*u - 5 = 10, 4*q - 4*u = 180. Suppose -q*a + 4160 = -42*a. What is the units digit of a?
0
Let d(q) = 6*q**3 - 2*q**2 + 1. Let h be d(1). Suppose -h*w + 3005 = -340. What is the units digit of w?
9
What is the units digit of 60/16*488768/280?
6
Let j(h) = h**3 + 34*h**2 + 47*h - 762. What is the ten thousands digit of j(19)?
1
What is the tens digit of 288/720*301870/4?
8
Suppose 0 = -5*p - 5*i + 1585, -4*p - 2*i = -6*p + 618. Suppose -p*h + 309*h = -116. What is the tens digit of h?
2
Let d = 861 - 193. Let g = d - 399. What is the hundreds digit of g?
2
Let y(a) = -21*a + 3. Suppose -6*x + 3*x + 280 = 5*q, 5*x - 93 = -2*q. Let d = q - 65. What is the tens digit of y(d)?
2
Let d = -658 + 1157. What is the tens digit of d?
9
What is the units digit of (26 - -4)/((-43)/(-44419))?
0
Suppose 0*k + 26 = 2*k - 2*b, k + 4*b - 23 = 0. Let i be 1285/k - (24/9 + -3). Suppose -22*f + 23*f - i = 0. What is the tens digit of f?
8
Let h(l) = -l**3 + 8*l**2 + l + 7. Let k be (-7)/(-2) + 3/(-2). Suppose 0 - 25 = -3*q - 4*j, -5*j - 9 = -k*q. What is the units digit of h(q)?
3
Suppose 37*p = -11*p + 2121109 - 563845. What is the thousands digit of p?
2
Let a(w) be the second derivative of 5*w**4/6 - 17*w**3/6 + 5*w**2/2 + 2*w - 12. What is the units digit of a(7)?
6
Let m(u) = 2*u**2 - 219*u - 2335. What is the hundreds digit of m(-120)?
7
Let x(w) = 6*w - 8*w**2 + 29*w**2 + 2*w**3 - w**3 + 6*w + 0*w**3 + 21. What is the units digit of x(-9)?
5
Let n be -318 - ((-24)/20)/(16/(-40)). Let a = n + 681. What is the tens digit of a?
6
Let x be 4/4*6 + 2. Suppose -x*t + 483 = -5*t. What is the tens digit of t?
6
Let d(h) = -36 - 7 - 3*h - 23 - 2*h. Let x be d(-9). Let u = 30 + x. What is the units digit of u?
9
Suppose 5*h - 16215 = 3*t, 3*t = -4*h + 8675 + 4324. What is the hundreds digit of h?
2
Let f = -4938 + 10198. What is the tens digit of f?
6
Suppose -6*n + 3173 = 1433. Suppose v + 0*v = 2. Suppose v*i - 4*i = 4*c - n, 5*i - 200 = -3*c. What is the tens digit of c?
7
Let q(s) = 99*s + 80. Let c be q(17). Let i = c + -881. What is the hundreds digit of i?
8
Suppose -8*z + 8762 + 19435 + 11435 = 0. What is the units digit of z?
4
Let s be ((-36 - -2) + 6)/(2/1). Let n(r) = -r**3 - 14*r**2 - 38*r - 9. What is the hundreds digit of n(s)?
5
Let a be 726/(-4)*(208/(-24))/13. Let s = 18 + a. What is the hundreds digit of s?
1
Let h be (-1)/((-2)/8) - -362. Let u be 3*h/(-72) + (-2)/(-8). What is the units digit of 94 + 9/u + 2/(-5)?
3
Let l = -658 - 1103. Let c = -786 - l. What is the hundreds digit of c?
9
Let b be 6/(-10) - (-2302)/(-5). Let h = 640 + b. What is the units digit of h?
9
Suppose 1054373 - 3495670 = -476*k + 5089975. What is the thousands digit of k?
5
Let t(i) = 10072*i**3 - i**2 - 8*i + 7. What is the hundreds digit of t(1)?
0
Let x(f) = 7296*f**2 - 147*f + 293. What is the ten thousands digit of x(2)?
2
Suppose -130 = -5*i - 80. Suppose -2274 = -i*q + 4*q. What is the hundreds digit of q?
3
Suppose 0 = -2*s - 2*s + p + 25, 10 = -2*p. Suppose 3*a - 2142 = s*f, -2142 = -3*a - f + 5*f. What is the units digit of a?
4
Suppose 201*g = -17821 + 49177. What is the hundreds digit of g?
1
Suppose -q - 24 = k, 7*k + 67 = 4*k - 4*q. Let l = k - -29. Suppose 5*s = -4*i + 327, 159 = 2*i + s - l*s. What is the tens digit of i?
7
Let n = 6381 + 8605. What is the tens digit of n?
8
Let u(s) = 2*s**2 - 18*s - 14. Let k be u(11). Let x be ((-882)/15)/((-12)/k). What is the hundreds digit of x + (96/45 - (-4)/(-30))?
1
Let a(g) = 45445*g**2 - 65*g + 67. What is the hundreds digit of a(1)?
4
Let h(c) be the first derivative of -c**3/3 - 26*c**2 - 410*c - 269. What is the tens digit of h(-37)?
4
Let k = 288 + -202. Suppose 82*b + 1520 = k*b. What is the hundreds digit of b?
3
Let v = -126 - -123. What is the units digit of (3 - 0/(-8))*(-392)/v?
2
Suppose -23*o + 14*o = 17838. What is the tens digit of o/(-4) + 8/(-32)*-2?
9
Let j be (-1)/2*-4 + (27 - -6). Suppose -22*h + 17*h = -j. What is the units digit of h?
7
Suppose -4*z - n + 12 = -19, -3*z - 5*n = -36. Let g(w) = 2*w**2 + 71*w - 1296. Let c be g(23). Suppose -z*s - 513 + c = 0. What is the tens digit of s?
2
Suppose 5*p - 2*l = -1070, 2*l - 856 = 5*p - p. Let j(b) = 6*b**3 + 5*b**2 + 3*b + 6. Let m be j(-4). Let f = p - m. What is the units digit of f?
6
Let m be (-16)/(-32) - (-1)/(-2). Suppose 10*a + 223 - 873 = m. Suppose -s - 4*k = 3*s - 196, s = -5*k + a. What is the tens digit of s?
4
Let o(l) = -191*l + 161. Suppose -4*h = 23*h + 81. What is the tens digit of o(h)?
3
Suppose -5*p = 10 - 5. Let g be (p + -3)/(8/(-268)). Suppose 0 = 2*c - g. What is the tens digit of c?
6
Let l = 535 + -779. Let o = 503 + l. What is the units digit of o?
9
Let d be ((-32)/(-14))/((-12)/(-42)). Suppose -d*t = -307 + 75. Suppose -5*o = -t - 106. What is the tens digit of o?
2
Let k(y) = -y**3 - 3*y**2 + 7. Let n be k(-3). Suppose 3*a = n*a + 2*m + 286, -3*a - 215 = m. Let q = a + 108. What is the units digit of q?
6
What is the ten thousands digit of ((-44)/8 - (2 + -3 - 5))*39930?
1
Let p(d) = -d**3 - 11*d**2 + 11*d - 15. Let j be p(-12). Let s be (-160)/(-35) - j/7. What is the tens digit of 957/s + (-12)/(-20)?
9
Let d be (-28)/(-6)*17/(51/18). Let c be 4/14*d/8. Suppose -o + s + 1 = -c, -20 = -4*s. What is the units digit of o?
7
Let f = 63139 - 10639. What is the tens digit of f?
0
Let x be -2 + (-2)/6*-6. Suppose 144 = -x*z + 4*z. Suppose -z = -6*u + 2*u. What is the units digit of u?
9
Let p(d) = 31*d**3 + 3*d + 2. Let g be p(-2). Let l = 2478 - 2657. Let m = l - g. What is the tens digit of m?
7
Suppose 4*g + c = g - 218, 0 = -4*g - c - 292. Let z = g - -49. Let m = -3 - z. What is the units digit of m?
2
Let m be 4/6 + -970*(-14)/(-84). Suppose -486 = 3*f - 5*f. Let i = f + m. What is the units digit of i?
2
Let j(b) = 6*b + 1 - 2*b - 6*b. Let r be j(-1). Suppose -r*i + 47 - 463 = -4*k, -4*i - 521 = -5*k. What is the tens digit of k?
0
What is the units digit of ((-28)/(-4) + -34 + 3)*(-410)/1?
0
Let n = 90 + 151. Suppose -n = -r - 2*g, 0 = 3*r + 2*g + g - 717. What is the units digit of r?
7
Let u be 1 - (2 - (0 - 5)). What is the units digit of (6 + 7 + u)*2?
4
Let k(o) = -o**3 + 31*o**2 + 88*o + 35. What is the thousands digit of k(24)?
6
Suppose 3*w = -w + 16. Let h be w/(-4 - 0) + 3. Let z = h - -9. What is the units digit of z?
1
Let a = 427 + -404. Let o(m) = -2*m**2 + 57*m - 17. What is the hundreds digit of o(a)?
2
Let u(g) = -2*g**2 + 8*g + 10. Let i be u(5). Suppose 0 = 2*t - 5*p + 4*p - 6, 2*p = -t + 3. Suppose i*d = -t*d + 75. What is the units digit of d?
5
Let o(w) be the second derivative of 8*w**3/3 - 5*w**2/2 - 4*w. Suppose 15 = 2*l - 3*x, -l - 6 = -x + 4*x. What is the units digit of o(l)?
3
Let c(u) = 4407*u - 91. What is the units digit of